{"id":56,"date":"2012-08-09T19:24:18","date_gmt":"2012-08-09T17:24:18","guid":{"rendered":"http:\/\/www.h-it.si\/ekohabjan\/?page_id=56"},"modified":"2026-04-26T17:48:52","modified_gmt":"2026-04-26T15:48:52","slug":"ponudbacenik","status":"publish","type":"page","link":"https:\/\/www.ekokmetija.eu\/?page_id=56","title":{"rendered":"Ponudba"},"content":{"rendered":"<h1 align=\"CENTER\"><span style=\"font-size: large;\"><strong>&nbsp;<span style=\"color: #99cc00;\">TRENUTNA PONUDBA PRIDELKOV<\/span><\/strong><\/span><\/h1>\n<p>&nbsp;<\/p>\n<p align=\"CENTER\">Za veleprodajne cene nas kontaktirajte na telefon oz. e-mail.<\/p>\n<p>&nbsp;<\/p>\n<p align=\"CENTER\">Maloprodajni cenik<\/p>\n<table border=\"1\" width=\"619\" frame=\"VOID\" rules=\"ROWS\" cellspacing=\"0\" cellpadding=\"7\"><colgroup> <col width=\"177\"> <col width=\"113\"> <col width=\"287\"> <\/colgroup>\n<tbody>\n<tr valign=\"TOP\">\n<td width=\"177\" height=\"25\"><span style=\"font-size: medium; color: #99cc00;\"><strong>Zelenjava in sadje<\/strong><\/span><\/td>\n<td width=\"113\">\n<p align=\"CENTER\"><span style=\"font-size: medium; color: #99cc00;\"><strong>ME<\/strong><\/span><\/p>\n<\/td>\n<td width=\"287\">\n<p align=\"CENTER\"><span style=\"font-size: medium; color: #99cc00;\"><strong>Cena za enoto<\/strong><\/span><\/p>\n<\/td>\n<\/tr>\n<tr valign=\"TOP\">\n<td width=\"177\"><span style=\"font-size: medium;\">Solata<\/span><\/td>\n<td width=\"113\">\n<p align=\"CENTER\"><span style=\"font-size: medium;\">kos<\/span><\/p>\n<\/td>\n<td width=\"287\">\n<p align=\"CENTER\"><span style=\"font-size: medium;\">2,00 \u20ac<\/span><\/p>\n<\/td>\n<\/tr>\n<tr valign=\"TOP\">\n<td width=\"177\"><span style=\"font-size: medium;\">Radi\u010d \u0161trucar<\/span><\/td>\n<td width=\"113\">\n<p align=\"CENTER\"><span style=\"font-size: medium;\">kg<\/span><\/p>\n<\/td>\n<td width=\"287\">\n<p align=\"CENTER\"><span style=\"font-size: medium;\">6,00 \u20ac<\/span><\/p>\n<\/td>\n<\/tr>\n<tr valign=\"TOP\">\n<td width=\"177\"><span style=\"font-size: medium;\">Radi\u010d rde\u010di \u0161opki<\/span><\/td>\n<td width=\"113\">\n<p align=\"CENTER\"><span style=\"font-size: medium;\">250g<\/span><\/p>\n<\/td>\n<td width=\"287\">\n<p align=\"CENTER\"><span style=\"font-size: medium;\">3,00 \u20ac<\/span><\/p>\n<\/td>\n<\/tr>\n<tr valign=\"TOP\">\n<td width=\"177\"><span style=\"font-size: medium;\">Mlado korenje z zelenjem<\/span><\/td>\n<td width=\"113\">\n<p align=\"CENTER\"><span style=\"font-size: medium;\">500g<\/span><\/p>\n<\/td>\n<td width=\"287\">\n<p align=\"CENTER\"><span style=\"font-size: medium;\">3,00 \u20ac<\/span><\/p>\n<\/td>\n<\/tr>\n<tr valign=\"TOP\">\n<td width=\"177\"><span style=\"font-size: medium;\">Mlada \u010debula<\/span><\/td>\n<td width=\"113\">\n<p align=\"CENTER\"><span style=\"font-size: medium;\">250g<\/span><\/p>\n<\/td>\n<td width=\"287\">\n<p align=\"CENTER\"><span style=\"font-size: medium;\">2,00 \u20ac<\/span><\/p>\n<\/td>\n<\/tr>\n<tr valign=\"TOP\">\n<td width=\"177\"><span style=\"font-size: medium;\">\u010cesen stari<\/span><\/td>\n<td width=\"113\">\n<p align=\"CENTER\"><span style=\"font-size: medium;\">300g<\/span><\/p>\n<\/td>\n<td width=\"287\">\n<p align=\"CENTER\"><span style=\"font-size: medium;\">3,00 \u20ac<\/span><\/p>\n<\/td>\n<\/tr>\n<tr valign=\"TOP\">\n<td width=\"177\"><span style=\"font-size: medium;\">Mladi \u010desen<\/span><\/td>\n<td width=\"113\">\n<p align=\"CENTER\"><span style=\"font-size: medium;\">200g<\/span><\/p>\n<\/td>\n<td width=\"287\">\n<p align=\"CENTER\"><span style=\"font-size: medium;\">3,00 \u20ac<\/span><\/p>\n<\/td>\n<\/tr>\n<tr valign=\"TOP\">\n<td width=\"177\"><span style=\"font-size: medium;\">Krompir (rumeni, beli)<\/span><\/td>\n<td width=\"113\">\n<p align=\"CENTER\"><span style=\"font-size: medium;\">kg<\/span><\/p>\n<\/td>\n<td width=\"287\">\n<p align=\"CENTER\"><span style=\"font-size: medium;\">1,50 \u20ac<\/span><\/p>\n<\/td>\n<\/tr>\n<tr valign=\"TOP\">\n<td width=\"177\"><span style=\"font-size: medium;\">Rukola<\/span><\/td>\n<td width=\"113\">\n<p align=\"CENTER\"><span style=\"font-size: medium;\">100g<\/span><\/p>\n<\/td>\n<td width=\"287\">\n<p align=\"CENTER\"><span style=\"font-size: medium;\">1,50 \u20ac<\/span><\/p>\n<\/td>\n<\/tr>\n<tr valign=\"TOP\">\n<td width=\"177\"><span style=\"font-size: medium;\">Drobnjak<\/span><\/td>\n<td width=\"113\">\n<p align=\"CENTER\"><span style=\"font-size: medium;\">\u0161opek<\/span><\/p>\n<\/td>\n<td width=\"287\">\n<p align=\"CENTER\"><span style=\"font-size: medium;\">2,00 \u20ac<\/span><\/p>\n<\/td>\n<\/tr>\n<tr valign=\"TOP\">\n<td width=\"177\"><span style=\"font-size: medium;\">Fi\u017eol \u010de\u0161njevec suhi<\/span><\/td>\n<td width=\"113\">\n<p align=\"CENTER\"><span style=\"font-size: medium;\">kg<\/span><\/p>\n<\/td>\n<td width=\"287\">\n<p align=\"CENTER\"><span style=\"font-size: medium;\">10,00 \u20ac<\/span><\/p>\n<\/td>\n<\/tr>\n<\/tbody>\n<\/table>\n<p>&nbsp;<\/p>\n<table border=\"1\" width=\"619\" frame=\"VOID\" rules=\"ROWS\" cellspacing=\"0\" cellpadding=\"7\"><colgroup> <col width=\"177\"> <col width=\"113\"> <col width=\"287\"> <\/colgroup>\n<tbody>\n<tr valign=\"TOP\">\n<td width=\"177\" height=\"25\"><span style=\"font-size: medium; color: #99cc00;\"><strong>Drugi proizvodi<\/strong><\/span><\/td>\n<td width=\"113\">\n<p align=\"CENTER\"><span style=\"font-size: medium; color: #99cc00;\"><strong>ME<\/strong><\/span><\/p>\n<\/td>\n<td width=\"287\">\n<p align=\"CENTER\"><span style=\"font-size: medium; color: #99cc00;\"><strong>Cena za enoto<\/strong><\/span><\/p>\n<\/td>\n<\/tr>\n<tr valign=\"TOP\">\n<td width=\"177\"><span style=\"font-size: medium;\">Grozdni sok (pasteriziran)<\/span><\/td>\n<td width=\"113\">\n<p align=\"CENTER\"><span style=\"font-size: medium;\">L<\/span><\/p>\n<\/td>\n<td width=\"287\">\n<p align=\"CENTER\"><span style=\"font-size: medium;\">3,30 \u20ac<\/span><\/p>\n<\/td>\n<\/tr>\n<tr valign=\"TOP\">\n<td width=\"177\"><span style=\"font-size: medium;\">Jabol\u010dni kis<\/span><\/td>\n<td width=\"113\">\n<p align=\"CENTER\"><span style=\"font-size: medium;\">L<\/span><\/p>\n<\/td>\n<td width=\"287\">\n<p align=\"CENTER\"><span style=\"font-size: medium;\">2,50 \u20ac<\/span><\/p>\n<\/td>\n<\/tr>\n<tr valign=\"TOP\">\n<td width=\"177\"><span style=\"font-size: medium;\">Paradi\u017enikova mezga<\/span><\/td>\n<td width=\"113\">\n<p align=\"CENTER\"><span style=\"font-size: medium;\">700ml<\/span><\/p>\n<\/td>\n<td width=\"287\">\n<p align=\"CENTER\"><span style=\"font-size: medium;\">5,00 \u20ac<\/span><\/p>\n<\/td>\n<\/tr>\n<tr valign=\"TOP\">\n<td width=\"177\"><span style=\"font-size: medium;\">Sirup meta ali melisa<\/span><\/td>\n<td width=\"113\">\n<p align=\"CENTER\"><span style=\"font-size: medium;\">250ml<\/span><\/p>\n<\/td>\n<td width=\"287\">\n<p align=\"CENTER\"><span style=\"font-size: medium;\">3,00 \u20ac<\/span><\/p>\n<\/td>\n<\/tr>\n<tr valign=\"TOP\">\n<td width=\"177\"><span style=\"font-size: medium;\">Koko\u0161ja jajca<\/span><\/td>\n<td width=\"113\">\n<p align=\"CENTER\"><span style=\"font-size: medium;\">10 kom<\/span><\/p>\n<\/td>\n<td width=\"287\">\n<p align=\"CENTER\"><span style=\"font-size: medium;\">4,00 \u20ac<\/span><\/p>\n<\/td>\n<\/tr>\n<\/tbody>\n<\/table>\n<p>&nbsp;<\/p>\n<p>&nbsp;<\/p>\n<table border=\"1\" width=\"619\" frame=\"VOID\" rules=\"ROWS\" cellspacing=\"0\" cellpadding=\"7\"><colgroup> <col width=\"148\"> <col width=\"139\"> <col width=\"290\"> <\/colgroup><\/table>\n\n\n<p><\/p>\n","protected":false},"excerpt":{"rendered":"<p>&nbsp;TRENUTNA PONUDBA PRIDELKOV &nbsp; Za veleprodajne cene nas kontaktirajte na telefon oz. e-mail. &nbsp; Maloprodajni cenik Zelenjava in sadje ME Cena za enoto Solata kos 2,00 \u20ac Radi\u010d \u0161trucar kg 6,00 \u20ac Radi\u010d rde\u010di \u0161opki 250g 3,00 \u20ac Mlado korenje z zelenjem 500g 3,00 \u20ac Mlada \u010debula 250g 2,00 \u20ac \u010cesen stari 300g 3,00 \u20ac [&hellip;]<\/p>\n","protected":false},"author":1,"featured_media":0,"parent":0,"menu_order":1,"comment_status":"closed","ping_status":"closed","template":"","meta":{"ngg_post_thumbnail":0,"footnotes":""},"class_list":["post-56","page","type-page","status-publish","hentry"],"_links":{"self":[{"href":"https:\/\/www.ekokmetija.eu\/index.php?rest_route=\/wp\/v2\/pages\/56","targetHints":{"allow":["GET"]}}],"collection":[{"href":"https:\/\/www.ekokmetija.eu\/index.php?rest_route=\/wp\/v2\/pages"}],"about":[{"href":"https:\/\/www.ekokmetija.eu\/index.php?rest_route=\/wp\/v2\/types\/page"}],"author":[{"embeddable":true,"href":"https:\/\/www.ekokmetija.eu\/index.php?rest_route=\/wp\/v2\/users\/1"}],"replies":[{"embeddable":true,"href":"https:\/\/www.ekokmetija.eu\/index.php?rest_route=%2Fwp%2Fv2%2Fcomments&post=56"}],"version-history":[{"count":466,"href":"https:\/\/www.ekokmetija.eu\/index.php?rest_route=\/wp\/v2\/pages\/56\/revisions"}],"predecessor-version":[{"id":1457,"href":"https:\/\/www.ekokmetija.eu\/index.php?rest_route=\/wp\/v2\/pages\/56\/revisions\/1457"}],"wp:attachment":[{"href":"https:\/\/www.ekokmetija.eu\/index.php?rest_route=%2Fwp%2Fv2%2Fmedia&parent=56"}],"curies":[{"name":"wp","href":"https:\/\/api.w.org\/{rel}","templated":true}]}}